e (-18)/((1 - -1)/(-1)). Let m(z) = -3*z + 12. Let d be m(q). Let g = d - -16. What is the greatest common divisor of 1 and g?
1
Let y = -586 + 1082. Calculate the highest common factor of y and 64.
16
Suppose 190 = 3*h + 2*h. Let p = h + -20. What is the greatest common factor of p and 162?
18
Suppose -8*b + 9*b = 4*t + 284, -5*t + 25 = 0. Calculate the greatest common divisor of 38 and b.
38
Let o be (4 - 2) + (0 - -6). Suppose -o*u - 1440 = -23*u. Suppose l = -4*l + 120. What is the greatest common divisor of l and u?
24
Let c be (-1)/5 + (-6)/(-5). Let b(f) = 14*f**3 - f**2 + 2*f - 1. Let q be b(c). What is the greatest common factor of q and 98?
14
Let t = 2235 + -2080. What is the greatest common divisor of 35 and t?
5
Let f be 1/13 + 92480/1040. What is the greatest common factor of f and 2403?
89
Suppose -i - 4*i = -z + 224, 2*i + 1120 = 5*z. Let x = 8 + -5. Let q be (x/6)/(2/112). Calculate the highest common factor of q and z.
28
Let r(i) = -11*i - 16. Let n be r(-6). Let o = -36 + n. What is the greatest common factor of o and 21?
7
Let l(v) = -v**2 + 9*v - 4. Let t be l(8). Let m(c) = c**2 + c - 12. Let q = -34 - -26. Let x be m(q). What is the highest common divisor of t and x?
4
Let t(i) = 3*i**2 - 4*i + 3. Let f be t(3). Let y be (2 - 3) + (-18)/(-2). Suppose -y*l + 2*l = -1188. What is the greatest common factor of l and f?
18
Suppose 41*a = a + 800. Calculate the highest common divisor of a and 790.
10
Let g(v) be the first derivative of v**3/3 + v**2/2 + 6*v - 2. Let o be g(0). Suppose -6*w = -2*w - 24. What is the highest common divisor of w and o?
6
Let m(d) = -2*d**3 - 40*d**2 + 13*d + 41. Let k be m(-21). Calculate the highest common factor of k and 78.
26
Suppose i + 2*f - 15 = 19, 120 = 4*i + 4*f. Suppose 4*y + 330 = -2*y. Let b = 211 + y. Calculate the greatest common divisor of i and b.
26
Let w be 49 + 4/8*-2. Suppose -5*k + t + 238 + 60 = 0, k - 71 = 4*t. Let a = k - 53. What is the highest common divisor of w and a?
6
Suppose 869*a = 860*a + 81. Calculate the greatest common divisor of a and 1.
1
Let r(p) = p**2 + p + 2. Let g be r(0). Suppose -4*n = -6*n - 8*n. Suppose n = -g*d + 6*d - 32. What is the greatest common divisor of d and 8?
8
Let n be (1 - -1)/(22/33). Suppose -3*q - 393 + 66 = -n*y, 0 = -y - 3*q + 113. Calculate the highest common factor of y and 10.
10
Let k(p) = -p**2 + 16*p - 2. Let t be k(16). Let q be (1 + 22/(-4))*10. Let w be (16/10)/(t/q). What is the greatest common divisor of w and 4?
4
Suppose -2*l - 19 = 3*b, -13 = 4*b - 1. Let p(i) = 2*i**2 + 9*i + 31. Let a be p(l). Calculate the highest common divisor of 12 and a.
12
Let s(d) = -20*d**3 - d**2 - 7*d - 2. Let p be s(-2). What is the greatest common factor of p and 1092?
84
Let k(p) = 3*p + 3. Let a(n) = 15*n + 16. Let y(j) = -2*a(j) + 11*k(j). Let d be y(1). Calculate the highest common factor of d and 1.
1
Let q(g) = -6*g - 84. Let b be q(-17). What is the greatest common divisor of b and 48?
6
Let k = -237 - -267. Let d = -27 - -39. Calculate the greatest common divisor of k and d.
6
Let g(r) = 167*r**2 + 29*r + 3. Let k be g(2). What is the highest common divisor of k and 162?
81
Suppose -y = -4*y + 45. Let i = y - 8. Suppose -c - 3*n = -61, -5*c + 2*n = -170 - 67. Calculate the highest common factor of i and c.
7
Suppose -2016 = -15*r + 2844. What is the greatest common factor of 756 and r?
108
Let l be 135/3 + (3 - 2). Suppose -v = -l - 38. Suppose -z + v = 2*z. What is the greatest common divisor of 14 and z?
14
Let l = 380 - 344. Calculate the highest common factor of 90 and l.
18
Let k(m) = 9*m**2 + 3 - 5*m + 2*m**3 + 2 - 3*m**3. Let r be k(4). Calculate the greatest common divisor of r and 26.
13
Let o(j) = 25*j**2 + 3*j + 4. Let g be o(-3). Let v be -2 - 44*5/(-10). Calculate the greatest common factor of g and v.
20
Let r = 308 - 164. Let c(t) = t**3 + 4*t**2 - 9*t + 10. Let p be c(2). What is the greatest common divisor of r and p?
16
Suppose 0 = 2*c + 5*m - 35, 2*c + 90*m = 93*m + 27. What is the highest common divisor of 705 and c?
15
Suppose j + j = 10. Let w be (12 - 18) + 8 - -3. What is the greatest common divisor of w and j?
5
Suppose 2*b + 35 = 5*y, -2*b = 2*y - 0*y. Let j be (-66)/1*(-1)/2. Let l = j - -2. What is the greatest common divisor of l and y?
5
Suppose 1200 = 7*o + 41*o. Calculate the highest common factor of o and 225.
25
Suppose j - 6 - 4 = 0. Suppose 3*c - 19 = -2*p, 5*p - 4*c + 13 = 3. Suppose p*k = 16 + j. Calculate the highest common divisor of k and 26.
13
Let t(b) be the third derivative of b**4/8 + 5*b**3/2 - 3*b**2. Let w be t(13). What is the greatest common divisor of w and 18?
18
Let w = -11 + 12. Let p(y) = -12*y - 2*y + y**2 - w + 0 - 8. Let b be p(-10). Calculate the highest common factor of b and 21.
21
Suppose 2*u = 4, -2*q + q = 2*u + 2. Suppose 4*d + 2 = 3*d. Let o be 3 + 6 + q/d. What is the greatest common factor of 12 and o?
12
Suppose i - 11 = -l - 3, -5*l = i - 40. Suppose -l*u - u = -90. Suppose -4*v + 3*v = -4. Calculate the greatest common factor of u and v.
2
Suppose -13 = -2*l - 3. Suppose -4*k - 4*r + 9*r + 4 = 0, 3*k + l*r = 38. Calculate the highest common divisor of 12 and k.
6
Suppose -5*n - 5*n + 690 = 0. Let a = n + -65. What is the greatest common divisor of a and 10?
2
Let c be (140 + -13)/(-1*(3 + -2)). Let w = c + 149. Calculate the highest common divisor of 88 and w.
22
Suppose -280 = 97*w - 101*w. Suppose 0 = -18*u + 13*u + w. Calculate the highest common divisor of u and 238.
14
Let d = 3769 + -866. Suppose 3*l + d = -5*u, -4*l = -3*u - 2*u + 3929. Let q be (-12)/54 + l/(-18). Calculate the highest common factor of 18 and q.
18
Let u = 18 - -12. Suppose 0*o - u = -o. Calculate the greatest common factor of 5 and o.
5
Let b(x) = x**3 - 37*x**2 - 262*x - 3. Let u be b(-6). Calculate the greatest common factor of u and 224.
7
Let f be (-9)/(-2 - 10/(-6)). What is the greatest common factor of f and 9?
9
Let v(o) = -o - 16*o**2 - 7*o + 195*o**3 - 194*o**3. Let y be v(17). What is the highest common factor of 17 and y?
17
Let o(m) = -64*m**3. Let u be o(-1). Suppose w = 4*w + 12, 3*w = -4*n + u. Calculate the greatest common divisor of n and 95.
19
Let m(x) = 2*x**2 + 6*x + 2. Let w be m(-4). Suppose -10 = -i + w. Suppose 17*j - 60 = 16*j. What is the greatest common factor of j and i?
20
Let g be -6*(-13)/((-26)/(-80)). Calculate the highest common divisor of 32 and g.
16
Suppose 0*r + 4*r = -4*n + 356, 2*r + 4*n - 174 = 0. Calculate the highest common divisor of r and 26.
13
Suppose 0*u + 2*c + 302 = 2*u, -2*u = 2*c - 298. Calculate the greatest common factor of u and 90.
30
Suppose -2*b - 5*b + 280 = 0. Let l be (-2)/(75/b + -2). Calculate the greatest common factor of 4 and l.
4
Suppose -19*m + 31*m = 84. Let r(i) = -11*i**3 + 4*i**2 + 2*i - 2. Let d be r(-2). Suppose y - d = -35. What is the greatest common divisor of m and y?
7
Let c(a) = -3*a - 15. Let i be c(-6). Let s(p) = 2*p**3 - 3*p**2 - 2*p + 1. Let o be s(i). What is the highest common divisor of 55 and o?
11
Let s = -25 - -55. Let z = 761 - 741. What is the greatest common divisor of s and z?
10
Let a(f) = -16 + f + 0*f + 0*f + 0*f. Let q be a(17). Suppose -3*t + 4*i + q = -50, 0 = -5*t + i + 68. Calculate the greatest common factor of t and 117.
13
Let a(c) = -13*c + 4. Let t be a(-4). Calculate the greatest common divisor of t and 16.
8
Let s(p) = 5*p - 7. Let h be s(11). Suppose 5*l = 112 + h. What is the greatest common divisor of 8 and l?
8
Let x = -47 - -47. Suppose 5*c - 50 = 3*t, x = -0*c - c - t + 2. Calculate the greatest common divisor of 14 and c.
7
Suppose 2*p - 312 = -4*s, 3*s = -2*p + s + 306. What is the highest common factor of p and 180?
30
Let f be (-6)/10*4/(-6)*360. Let s = -10 + 4. Let c be ((-12)/16)/(s/f). Calculate the greatest common divisor of c and 54.
18
Suppose -71*o + 4644 = -59*o. Calculate the highest common factor of o and 43.
43
Suppose -h + 436 = 2*i, 5*h - i = 7*h - 863. What is the highest common factor of 50 and h?
10
Let n = -181 - -83. Let r = -70 - n. Calculate the highest common divisor of r and 196.
28
Let j(m) = -m + 1. Let q be j(0). Let d be ((-2)/(-3))/(q/24). Suppose 5*v + r = 24, 4*r = v + 3*r. What is the highest common factor of v and d?
4
Let l 